{"id":148,"date":"2022-05-31T20:42:00","date_gmt":"2022-05-31T18:42:00","guid":{"rendered":"https:\/\/osm.stage.dige.com.pl\/?page_id=148"},"modified":"2023-07-26T14:29:41","modified_gmt":"2023-07-26T12:29:41","slug":"podreczniki","status":"publish","type":"page","link":"https:\/\/osm.stage.dige.com.pl\/?page_id=148","title":{"rendered":"PODR\u0118CZNIKI"},"content":{"rendered":"\n<p>Informacja o podr\u0119cznikach w roku szkolnym 2023\/2024<\/p>\n\n\n\n<p>Podr\u0119czniki do przedmiot\u00f3w muzycznych, j\u0119zyka w\u0142oskiego i religii&nbsp;<a href=\"https:\/\/osm.szczecin.pl\/images\/Podrczniki_przedmioty_oglnoksztacace_oraz_jzyk_woski_i_religia_2023_2024.pdf\">[plik PDF].<\/a><\/p>\n\n\n\n<p>Podr\u0119czniki i \u0107wiczenia z przedmiot\u00f3w og\u00f3lnych<a href=\"https:\/\/osm.szczecin.pl\/images\/PDF\/Zestaw_podrcznikw_na_rok_szkolny_20232024.pdf\">&nbsp;[plik PDF].<\/a><\/p>\n\n\n\n<p>Podr\u0119czniki i \u0107wiczenia do pozosta\u0142ych przedmiot\u00f3w zapewnia szko\u0142a.<\/p>\n\n\n\n<p><\/p>\n","protected":false},"excerpt":{"rendered":"<p>Informacja o podr\u0119cznikach w roku szkolnym 2023\/2024 Podr\u0119czniki do przedmiot\u00f3w muzycznych, j\u0119zyka w\u0142oskiego i religii&nbsp;[plik PDF]. Podr\u0119czniki i \u0107wiczenia z przedmiot\u00f3w og\u00f3lnych&nbsp;[plik PDF]. Podr\u0119czniki i \u0107wiczenia do pozosta\u0142ych przedmiot\u00f3w zapewnia szko\u0142a.<\/p>\n","protected":false},"author":1,"featured_media":0,"parent":143,"menu_order":0,"comment_status":"closed","ping_status":"closed","template":"","meta":[],"_links":{"self":[{"href":"https:\/\/osm.stage.dige.com.pl\/index.php?rest_route=\/wp\/v2\/pages\/148"}],"collection":[{"href":"https:\/\/osm.stage.dige.com.pl\/index.php?rest_route=\/wp\/v2\/pages"}],"about":[{"href":"https:\/\/osm.stage.dige.com.pl\/index.php?rest_route=\/wp\/v2\/types\/page"}],"author":[{"embeddable":true,"href":"https:\/\/osm.stage.dige.com.pl\/index.php?rest_route=\/wp\/v2\/users\/1"}],"replies":[{"embeddable":true,"href":"https:\/\/osm.stage.dige.com.pl\/index.php?rest_route=%2Fwp%2Fv2%2Fcomments&post=148"}],"version-history":[{"count":3,"href":"https:\/\/osm.stage.dige.com.pl\/index.php?rest_route=\/wp\/v2\/pages\/148\/revisions"}],"predecessor-version":[{"id":1418,"href":"https:\/\/osm.stage.dige.com.pl\/index.php?rest_route=\/wp\/v2\/pages\/148\/revisions\/1418"}],"up":[{"embeddable":true,"href":"https:\/\/osm.stage.dige.com.pl\/index.php?rest_route=\/wp\/v2\/pages\/143"}],"wp:attachment":[{"href":"https:\/\/osm.stage.dige.com.pl\/index.php?rest_route=%2Fwp%2Fv2%2Fmedia&parent=148"}],"curies":[{"name":"wp","href":"https:\/\/api.w.org\/{rel}","templated":true}]}}