{"id":170,"date":"2022-05-29T21:01:24","date_gmt":"2022-05-29T19:01:24","guid":{"rendered":"https:\/\/osm.stage.dige.com.pl\/?page_id=170"},"modified":"2023-04-11T15:18:55","modified_gmt":"2023-04-11T13:18:55","slug":"wypozyczanie-instrumentow","status":"publish","type":"page","link":"https:\/\/osm.stage.dige.com.pl\/?page_id=170","title":{"rendered":"WYPO\u017bYCZANIE INSTRUMENT\u00d3W"},"content":{"rendered":"<ul class=\"wp-block-latest-posts__list wp-block-latest-posts\"><li><div class=\"wp-block-latest-posts__featured-image alignleft\"><img width=\"296\" height=\"297\" src=\"https:\/\/osm.stage.dige.com.pl\/wp-content\/uploads\/2022\/05\/soundsation-vspce-44.jpg\" class=\"attachment-medium size-medium wp-post-image\" alt=\"\" loading=\"lazy\" style=\"max-width:300px;max-height:300px;\" \/><\/div><a class=\"wp-block-latest-posts__post-title\" href=\"https:\/\/osm.stage.dige.com.pl\/?p=181\">Magazyn instrument\u00f3w smyczkowych &#8211; informacje na rok szkolny 2023\/2024<\/a><div class=\"wp-block-latest-posts__post-excerpt\">Drodzy Rodzice. Magazyn instrument\u00f3w smyczkowych czynny przez ca\u0142y&nbsp;wrzesie\u0144 w roku szkolnym 2023\/2024 :&nbsp; &#8211; poniedzia\u0142ek w godzinach 16:00-17:00 &#8211; \u015broda w godzinach 9:45-10:45 Potwierdzenie op\u0142aty za&nbsp; wypo\u017cyczenie\/kontynuacj\u0119 wypo\u017cyczenia instrumentu prosimy przes\u0142a\u0107 na adres mailowy szko\u0142y:&nbsp;osmis@miasto.szczecin.pl&nbsp; Kontakt telefoniczny do Pani Karoliny Sawrymowicz tel.&nbsp;501577691<\/div><\/li>\n<li><div class=\"wp-block-latest-posts__featured-image alignleft\"><img width=\"226\" height=\"150\" src=\"https:\/\/osm.stage.dige.com.pl\/wp-content\/uploads\/2022\/05\/klarnet-mini.jpg\" class=\"attachment-medium size-medium wp-post-image\" alt=\"\" loading=\"lazy\" style=\"max-width:300px;max-height:300px;\" \/><\/div><a class=\"wp-block-latest-posts__post-title\" href=\"https:\/\/osm.stage.dige.com.pl\/?p=178\">Magazyn instrument\u00f3w d\u0119tych &#8211; informacje na rok szkolny 2023\/2024<\/a><div class=\"wp-block-latest-posts__post-excerpt\">Drodzy Rodzice. Magazyn instrument\u00f3w d\u0119tych czynny przez ca\u0142y&nbsp;wrzesie\u0144 w roku szkolnym 2023\/2024 :&nbsp; &#8211; poniedzia\u0142ek w godzinach 11:30-12:30&nbsp; i&nbsp; 16:30-17:30 &#8211; wtorek w godzinach 12:00-14:00&nbsp; i 16:30-17:30 &#8211; \u015broda w godzinach 12:00-13:00&nbsp;&nbsp; &#8211; czwartek w godzinach&nbsp; 12:00-13:00&nbsp; i 16:30-17:30 &#8211; pi\u0105tek w godzinach 12:00-13:00 i 16:30-17:30 Dy\u017cur przez ca\u0142y rok [&hellip;]<\/div><\/li>\n<li><div class=\"wp-block-latest-posts__featured-image alignleft\"><img width=\"300\" height=\"208\" src=\"https:\/\/osm.stage.dige.com.pl\/wp-content\/uploads\/2022\/05\/1_DK5wMo9CvBmzzPyQdL_HZA.jpeg\" class=\"attachment-medium size-medium wp-post-image\" alt=\"\" loading=\"lazy\" style=\"max-width:300px;max-height:300px;\" \/><\/div><a class=\"wp-block-latest-posts__post-title\" href=\"https:\/\/osm.stage.dige.com.pl\/?p=1276\">Op\u0142aty za wypo\u017cyczenie instrumentu &#8211; przypomnienie.<\/a><div class=\"wp-block-latest-posts__post-excerpt\">Przypominamy, \u017ce do ko\u0144ca tygodnia (30.09.2023) nale\u017cy dokona\u0107 wp\u0142at i przes\u0142a\u0107 skan\u00a0potwierdzaj\u0105cy przelew na adres:\u00a0osmis@miasto.szczecin.pl\u00a0w celu przed\u0142u\u017cenia wypo\u017cyczenia instrumentu na rok szkolny 2023\/2024.<\/div><\/li>\n<li><a class=\"wp-block-latest-posts__post-title\" href=\"https:\/\/osm.stage.dige.com.pl\/?p=191\">Zasady, regulamin i cennik wypo\u017cyczania instrument\u00f3w<\/a><div class=\"wp-block-latest-posts__post-excerpt\">ZASADY WYPO\u017bYCZANIA INSTRUMENT\u00d3W&nbsp;w Og\u00f3lnokszta\u0142c\u0105cej Szkole Muzycznej I st. w Szczecinie Wypo\u017cyczenie instrumentu jest P\u0141ATNE. Op\u0142ata pobierana jest z&nbsp;g\u00f3ry za rok&nbsp;(50% w przypadku&nbsp; m\u0142odszego rodze\u0144stwa). Na ka\u017cdy rok&nbsp;wypo\u017cyczenia podpisywana jest umowa. Rodzice s\u0105 zobowi\u0105zani do utrzymania instrumentu&nbsp;w dobrym stanie oraz nadzorowania w\u0142a\u015bciwej eksploatacji instrumentu przez dziecko.&nbsp;Eksploatacja nie mo\u017ce pogarsza\u0107 stanu wyj\u015bciowego [&hellip;]<\/div><\/li>\n<li><div class=\"wp-block-latest-posts__featured-image alignleft\"><img width=\"212\" height=\"300\" src=\"https:\/\/osm.stage.dige.com.pl\/wp-content\/uploads\/2022\/05\/september_8_2017_5pm_Free_Admission_walter_amphitheater_arrow_drive.jpg\" class=\"attachment-medium size-medium wp-post-image\" alt=\"\" loading=\"lazy\" style=\"max-width:300px;max-height:300px;\" \/><\/div><a class=\"wp-block-latest-posts__post-title\" href=\"https:\/\/osm.stage.dige.com.pl\/?p=186\">Wp\u0142aty na konto Rady Rodzic\u00f3w<\/a><div class=\"wp-block-latest-posts__post-excerpt\">Szanowni Rodzice, przypominamy w jaki spos\u00f3b dokonujemy op\u0142at.<\/div><\/li>\n<\/ul>","protected":false},"excerpt":{"rendered":"","protected":false},"author":1,"featured_media":0,"parent":0,"menu_order":0,"comment_status":"closed","ping_status":"closed","template":"","meta":[],"_links":{"self":[{"href":"https:\/\/osm.stage.dige.com.pl\/index.php?rest_route=\/wp\/v2\/pages\/170"}],"collection":[{"href":"https:\/\/osm.stage.dige.com.pl\/index.php?rest_route=\/wp\/v2\/pages"}],"about":[{"href":"https:\/\/osm.stage.dige.com.pl\/index.php?rest_route=\/wp\/v2\/types\/page"}],"author":[{"embeddable":true,"href":"https:\/\/osm.stage.dige.com.pl\/index.php?rest_route=\/wp\/v2\/users\/1"}],"replies":[{"embeddable":true,"href":"https:\/\/osm.stage.dige.com.pl\/index.php?rest_route=%2Fwp%2Fv2%2Fcomments&post=170"}],"version-history":[{"count":4,"href":"https:\/\/osm.stage.dige.com.pl\/index.php?rest_route=\/wp\/v2\/pages\/170\/revisions"}],"predecessor-version":[{"id":1300,"href":"https:\/\/osm.stage.dige.com.pl\/index.php?rest_route=\/wp\/v2\/pages\/170\/revisions\/1300"}],"wp:attachment":[{"href":"https:\/\/osm.stage.dige.com.pl\/index.php?rest_route=%2Fwp%2Fv2%2Fmedia&parent=170"}],"curies":[{"name":"wp","href":"https:\/\/api.w.org\/{rel}","templated":true}]}}