{"id":202,"date":"2022-05-29T21:37:15","date_gmt":"2022-05-29T19:37:15","guid":{"rendered":"https:\/\/osm.stage.dige.com.pl\/?page_id=202"},"modified":"2023-01-08T13:54:51","modified_gmt":"2023-01-08T12:54:51","slug":"osiagniecia","status":"publish","type":"page","link":"https:\/\/osm.stage.dige.com.pl\/?page_id=202","title":{"rendered":"OSI\u0104GNI\u0118CIA"},"content":{"rendered":"<ul class=\"wp-block-latest-posts__list has-dates wp-block-latest-posts\"><li><a class=\"wp-block-latest-posts__post-title\" href=\"https:\/\/osm.stage.dige.com.pl\/?p=228\">Kangur matematyczny 2020 &#8211; wyniki<\/a><time datetime=\"2022-05-29T21:51:58+02:00\" class=\"wp-block-latest-posts__post-date\">29 maja 2022<\/time><div class=\"wp-block-latest-posts__post-excerpt\">&nbsp;Sukcesy naszych uczni\u00f3w&nbsp; w Mi\u0119dzynarodowym Konkursie Kangur Matematyczny 2020Bardzo dobry wynik&nbsp;&nbsp;uzyskali nast\u0119puj\u0105cy uczniowie: Jan Jaworski \u2013 3c Stanis\u0142aw Perkul \u2013 6b Wyr\u00f3\u017cnienie za uzyskany wynik&nbsp;otrzyma\u0142o&nbsp;&nbsp;16 uczni\u00f3w .Wyniki dla poszczeg\u00f3lnych kategorii:\u017baczek \u2013 klasa druga1.Pietrzak Ignacy \u2013 2a&nbsp;Maluch \u2013 klasa trzecia Byner [&hellip;]<\/div><\/li>\n<li><a class=\"wp-block-latest-posts__post-title\" href=\"https:\/\/osm.stage.dige.com.pl\/?p=226\">Laureaci &#8211; olimpiada Olimpus sesja wiosenna<\/a><time datetime=\"2022-05-29T21:51:08+02:00\" class=\"wp-block-latest-posts__post-date\">29 maja 2022<\/time><div class=\"wp-block-latest-posts__post-excerpt\">W dniu 23.04. 2021&nbsp;roku uczniowie z klas IV \u2013 VIII wzi\u0119li udzia\u0142 olimpiadzie j\u0119zyka angielskiego&nbsp;Olimpus&nbsp;Sesja Wiosenna.&nbsp; &nbsp; &nbsp; &nbsp; &nbsp; &nbsp;&nbsp;Z rado\u015bci\u0105 przestawiamy&nbsp;uczni\u00f3w,&nbsp;kt\u00f3rzy uzyskali&nbsp;tytu\u0142 laureata: kl. 4&nbsp;:&nbsp;Martyna&nbsp;Bogalecka,&nbsp;Estera Michalak&nbsp; kl. 5&nbsp;:&nbsp;Natalia&nbsp;Driczinska,&nbsp;Tymon Daleszy\u0144ski ,&nbsp;Emilia Nie\u0142acny&nbsp; kl. 7 :&nbsp;Pawe\u0142&nbsp;\u0141azoryszczak&nbsp;,&nbsp;Matteo&nbsp;Delrio&nbsp;,&nbsp;Lena&nbsp;Bytniewska&nbsp;<\/div><\/li>\n<li><a class=\"wp-block-latest-posts__post-title\" href=\"https:\/\/osm.stage.dige.com.pl\/?p=224\">Laureaci &#8211; olimpiada Olimpus sesja jesienna<\/a><time datetime=\"2022-05-29T21:50:24+02:00\" class=\"wp-block-latest-posts__post-date\">29 maja 2022<\/time><div class=\"wp-block-latest-posts__post-excerpt\">05.11. 2021 r.\u00a0uczniowie z klas IV \u2013 VIII wzi\u0119li udzia\u0142 olimpiadzie j\u0119zyka angielskiego\u00a0Olimpus\u00a0Sesja Jesienna.\u00a0Z rado\u015bci\u0105 przestawiamy\u00a0uczni\u00f3w,\u00a0kt\u00f3rzy uzyskali\u00a0tytu\u0142 laureata.\u00a0\u00a0 Klasa 6 Gabriela Majewska Antoni Smoro\u0144\u00a0 Klasa 8 Jakub Olechowski\u00a0 Serdecznie gratulujemy sukcesu!\u00a0<\/div><\/li>\n<li><a class=\"wp-block-latest-posts__post-title\" href=\"https:\/\/osm.stage.dige.com.pl\/?p=222\">Sukcesy w pionie og\u00f3lnym &#8211; gratulujemy<\/a><time datetime=\"2022-05-29T21:49:27+02:00\" class=\"wp-block-latest-posts__post-date\">29 maja 2022<\/time><div class=\"wp-block-latest-posts__post-excerpt\">Mi\u0142o nam poinformowa\u0107, \u017ce nasi uczniowie odnosz\u0105 sukcesy w wa\u017cnych konkursach. Gratulujemy: Antoninie Janus z klasy 8b za zdobycie tytu\u0142u LAUREATA w Wojew\u00f3dzkim Konkursie z J\u0119zyka Polskiego 2022 pod patronatem Zachodniopomorskiego Kuratora O\u015bwiaty oraz tytu\u0142u LAUREATA w XIX Konkursie Humanistycznym [&hellip;]<\/div><\/li>\n<li><a class=\"wp-block-latest-posts__post-title\" href=\"https:\/\/osm.stage.dige.com.pl\/?p=218\">Laureatka Og\u00f3lnopolskiego Konkursu Pianistycznego w Krakowie.<\/a><time datetime=\"2022-05-29T21:46:08+02:00\" class=\"wp-block-latest-posts__post-date\">29 maja 2022<\/time><div class=\"wp-block-latest-posts__post-excerpt\">Z wielk\u0105 rado\u015bci\u0105 informujemy, \u017ce w dniach 29-30.04.2022 r. na Og\u00f3lnopolskim Konkursie Pianistycznym \u201eWIOSENNE IMPRESJE\u201d w Krakowie. Hanna Wypych z klasy 2c z klasy fortepianu pani Anna Gajewskiej zaj\u0119\u0142a III miejsce. Serdecznie gratulujemy.<\/div><\/li>\n<li><a class=\"wp-block-latest-posts__post-title\" href=\"https:\/\/osm.stage.dige.com.pl\/?p=216\">Brawa dla Liliany Ani\u015bko.<\/a><time datetime=\"2022-05-29T21:45:39+02:00\" class=\"wp-block-latest-posts__post-date\">29 maja 2022<\/time><div class=\"wp-block-latest-posts__post-excerpt\">Mi\u0142o nam poinformowa\u0107 o osi\u0105gni\u0119ciach muzycznych Liliany Ani\u015bko z klasy 2a, uczennicy klasy skrzypiec Pana Paw\u0142a Tara\u0142y : II nagroda w gr.1 w I Og\u00f3lnopolskim Konkursie &#8222;Muzyczny Koryfeusz&#8221; oraz wyr\u00f3\u017cnienie w gr.1 w XV Og\u00f3lnopolskim Konkursie Skrzypcowym im. Gra\u017cyny Bacewicz [&hellip;]<\/div><\/li>\n<li><a class=\"wp-block-latest-posts__post-title\" href=\"https:\/\/osm.stage.dige.com.pl\/?p=214\">Sukcesy w klasie fagotu &#8211; wyr\u00f3\u017cnienia.<\/a><time datetime=\"2022-05-29T21:44:55+02:00\" class=\"wp-block-latest-posts__post-date\">29 maja 2022<\/time><div class=\"wp-block-latest-posts__post-excerpt\">Z rado\u015bci\u0105 informujemy, \u017ce podczas Og\u00f3lnopolskiego Konkursu M\u0142odego Muzyka w Szczecinku nasi fagoci\u015bci Oliwia St\u0119pie\u0144, Jan Moroz oraz Antoni Moroz\u00a0zdobyli wyr\u00f3\u017cnienia w swoich grupach wiekowych. Serdecznie gratulujemy m\u0142odym muzykom\u00a0<\/div><\/li>\n<li><a class=\"wp-block-latest-posts__post-title\" href=\"https:\/\/osm.stage.dige.com.pl\/?p=212\">Sukces tr\u0119baczy w Poznaniu.<\/a><time datetime=\"2022-05-29T21:44:31+02:00\" class=\"wp-block-latest-posts__post-date\">29 maja 2022<\/time><div class=\"wp-block-latest-posts__post-excerpt\">Mi\u0142o nam poinformowa\u0107 o osi\u0105gni\u0119ciach muzycznych naszych tr\u0119baczy w XXIX Pozna\u0144skim Konkursie Instrument\u00f3w D\u0119tych im. prof. Mieczys\u0142awa Koczorowskiego &#8211; 3 miejsce Micha\u0142 Biedruna gr. III, ucze\u0144 pana Dawida G\u0142ogowskiego, wyr\u00f3\u017cnienie &#8211; Wiktoria Mr\u00f3wczy\u0144ska gr. I, uczennica pana Tomasza D\u0105browskiego.<\/div><\/li>\n<li><a class=\"wp-block-latest-posts__post-title\" href=\"https:\/\/osm.stage.dige.com.pl\/?p=210\">Kolejny sukces fortepianowy.<\/a><time datetime=\"2022-05-29T21:44:06+02:00\" class=\"wp-block-latest-posts__post-date\">29 maja 2022<\/time><div class=\"wp-block-latest-posts__post-excerpt\">Z przyjemno\u015bci\u0105 informuj\u0119\u00a0 \u00a0o sukcesie moich uczni\u00f3w w IV Mi\u0119dzynarodowym Konkursie Muzycznym OPUS 2022. W kategorii -Fortepian solo: Kamil Buko otrzyma\u0142 III Nagrod\u0119, Mateusz Niewiadomski II Nagrod\u0119. Organizatorem konkursu by\u0142a Fundacja Life&amp;Art Krak\u00f3w.<\/div><\/li>\n<li><a class=\"wp-block-latest-posts__post-title\" href=\"https:\/\/osm.stage.dige.com.pl\/?p=208\">Sukces uczni\u00f3w na XI Og\u00f3lnopolskim Konkursie Pianistycznym w Kolbuszowej.<\/a><time datetime=\"2022-05-29T21:41:55+02:00\" class=\"wp-block-latest-posts__post-date\">29 maja 2022<\/time><div class=\"wp-block-latest-posts__post-excerpt\">W dniach 21-23.05.2022 r. na XI Og\u00f3lnopolskim Konkursie Pianistycznym \u201eWiosenne Spotkania Muzyczne\u201d w Kolbuszowej uczniowie naszej szko\u0142y odnie\u015bli wielki sukces zdobywaj\u0105c tytu\u0142y laureat\u00f3w. Kamil Buko z kl. 2, ucze\u0144 pani Hanny Urba\u0144skiej \u2013 I miejsce w gr. I. Hanna Wypych [&hellip;]<\/div><\/li>\n<\/ul>","protected":false},"excerpt":{"rendered":"","protected":false},"author":1,"featured_media":0,"parent":0,"menu_order":0,"comment_status":"closed","ping_status":"closed","template":"","meta":[],"_links":{"self":[{"href":"https:\/\/osm.stage.dige.com.pl\/index.php?rest_route=\/wp\/v2\/pages\/202"}],"collection":[{"href":"https:\/\/osm.stage.dige.com.pl\/index.php?rest_route=\/wp\/v2\/pages"}],"about":[{"href":"https:\/\/osm.stage.dige.com.pl\/index.php?rest_route=\/wp\/v2\/types\/page"}],"author":[{"embeddable":true,"href":"https:\/\/osm.stage.dige.com.pl\/index.php?rest_route=\/wp\/v2\/users\/1"}],"replies":[{"embeddable":true,"href":"https:\/\/osm.stage.dige.com.pl\/index.php?rest_route=%2Fwp%2Fv2%2Fcomments&post=202"}],"version-history":[{"count":4,"href":"https:\/\/osm.stage.dige.com.pl\/index.php?rest_route=\/wp\/v2\/pages\/202\/revisions"}],"predecessor-version":[{"id":1244,"href":"https:\/\/osm.stage.dige.com.pl\/index.php?rest_route=\/wp\/v2\/pages\/202\/revisions\/1244"}],"wp:attachment":[{"href":"https:\/\/osm.stage.dige.com.pl\/index.php?rest_route=%2Fwp%2Fv2%2Fmedia&parent=202"}],"curies":[{"name":"wp","href":"https:\/\/api.w.org\/{rel}","templated":true}]}}